{"id":47,"date":"2024-02-05T09:50:05","date_gmt":"2024-02-05T07:50:05","guid":{"rendered":"https:\/\/janssenzurich.ch\/?page_id=47"},"modified":"2026-02-23T22:12:25","modified_gmt":"2026-02-23T20:12:25","slug":"about-us","status":"publish","type":"page","link":"https:\/\/janssenzurich.ch\/en\/ueber-uns\/","title":{"rendered":"About Us"},"content":{"rendered":"<section class=\"bde-section-47-104 bde-section\">\n  \n  \n\t\n\n\n\n<div class=\"section-container\"><div class=\"bde-columns-47-105 bde-columns\"><div class=\"bde-column-47-107 bde-column\">\n  \n  \n\t\n\n\n\n<div class=\"bde-div-47-255 bde-div\">\n  \n  \n\t\n\n\n\n<div class=\"bde-text-47-163 bde-text\">\nAbout Us\n<\/div><h1 class=\"bde-heading-47-162 bde-heading\">\nExclusively Dedicated to Facelifts, from London to Z\u00fcrich\n<\/h1>\n<\/div><div class=\"bde-text-47-248 bde-text translation-block\">Exclusively dedicated to facelift surgeries and treatments addressing facial aging, Janssen Zurich is located in the heart of Zurich.<br><br>\nWe focus exclusively on facial rejuvenation and offer advanced facelift techniques aimed at achieving natural and long-lasting results. Our founding surgeon, Dr. Tim J. Janssen, is recognized for his expertise in endoscopic facelifting and has extensive experience in deep-plane and revision facelift surgery. With a primary location in Zurich and an additional practice in London, we provide discreet, high-level care for both local and international patients.<br><br>\nOur work is supported by an experienced team committed to patient care. Clinic Manager Romany Carlsen and Personal Assistant Annette Hauck ensure continuity and a consistent patient journey. From the first inquiry to long-term follow-up, our practice prioritizes discretion, reliability, and surgical precision.<\/div>\n<\/div><div class=\"bde-column-47-106 bde-column\">\n  \n  \n\t\n\n\n\n\n<\/div><\/div><\/div>\n<\/section><section id=\"tim-j-janssen\" class=\"bde-section-47-241 bde-section\">\n  \n  \n\t\n\n\n\n<div class=\"section-container\"><div class=\"bde-columns-47-242 bde-columns\"><div class=\"bde-column-47-243 bde-column\">\n  \n  \n\t\n\n\n\n<img decoding=\"async\" class=\"bde-image2-47-244 bde-image2\" src=\"https:\/\/janssenzurich.ch\/wp-content\/uploads\/2025\/11\/WhatsApp-Image-2025-11-25-at-14.51.13.jpeg\" loading=\"lazy\" srcset=\"https:\/\/janssenzurich.ch\/wp-content\/uploads\/2025\/11\/WhatsApp-Image-2025-11-25-at-14.51.13.jpeg 1366w, https:\/\/janssenzurich.ch\/wp-content\/uploads\/2025\/11\/WhatsApp-Image-2025-11-25-at-14.51.13-200x300.jpeg 200w, https:\/\/janssenzurich.ch\/wp-content\/uploads\/2025\/11\/WhatsApp-Image-2025-11-25-at-14.51.13-683x1024.jpeg 683w, https:\/\/janssenzurich.ch\/wp-content\/uploads\/2025\/11\/WhatsApp-Image-2025-11-25-at-14.51.13-768x1151.jpeg 768w, https:\/\/janssenzurich.ch\/wp-content\/uploads\/2025\/11\/WhatsApp-Image-2025-11-25-at-14.51.13-1025x1536.jpeg 1025w, https:\/\/janssenzurich.ch\/wp-content\/uploads\/2025\/11\/WhatsApp-Image-2025-11-25-at-14.51.13-8x12.jpeg 8w\" sizes=\"(max-width: 1366px) 100vw, 1366px\">\n<\/div><div class=\"bde-column-47-245 bde-column\">\n  \n  \n\t\n\n\n\n<h1 class=\"bde-heading-47-246 bde-heading\">\nTim J. Janssen\n<\/h1><div class=\"bde-text-47-252 bde-text translation-block\">He graduated in Germany and completed a full-time research program before undertaking higher specialist training in Germany, Switzerland, and the UK.\n\nDr. Janssen has participated in numerous research endeavours and was selected as a reviewer by the editorial team of the American Aesthetic Surgery Journal (ASJ) on the basis of his knowledge in the field. He is included in the Specialist Register in the UK, Germany, and Switzerland and is a full member of the German Society of Plastic and Reconstructive Surgeons and the International Society of Aesthetic Plastic Surgeons.\n\nHe is one of the few surgeons worldwide who specialises in endoscopic facelift surgery, a technique that enables facial rejuvenation with no visible scarring. He has developed two proprietary procedures: the S-Ponytail Lift, a hidden-incision endoscopic facelift, and the HI S-Ponytail Lift, which combines a hidden-incision facelift and neck lift. These advanced techniques aim to achieve natural, long-lasting results while preserving facial anatomy and avoiding visible incisions.<\/div>\n<\/div><\/div><\/div>\n<\/section><section class=\"bde-section-47-249 bde-section\">\n  \n  \n\t\n\n\n\n<div class=\"section-container\"><div class=\"bde-text-47-254 bde-text\">\nDr Janssen is actively involved in academic research and peer review. He was invited to serve as a reviewer for the American Aesthetic Surgery Journal (ASJ) in recognition of his expertise. He is listed on the Specialist Register in the UK, Germany, and Switzerland.\n<\/div><\/div>\n<\/section><section class=\"bde-section-47-219 bde-section\">\n  \n  \n\t\n\n\n\n<div class=\"section-container\"><h3 class=\"bde-heading-47-220 bde-heading\">\nWhere to Find Us\n<\/h3><div class=\"bde-columns-47-221 bde-columns\"><div class=\"bde-column-47-222 bde-column\">\n  \n  \n\t\n\n\n\n<img decoding=\"async\" class=\"bde-image2-47-236 bde-image2\" src=\"https:\/\/janssenzurich.ch\/wp-content\/uploads\/2025\/10\/Limmatklinik-.jpg\" loading=\"lazy\" srcset=\"https:\/\/janssenzurich.ch\/wp-content\/uploads\/2025\/10\/Limmatklinik-.jpg 550w, https:\/\/janssenzurich.ch\/wp-content\/uploads\/2025\/10\/Limmatklinik--300x300.jpg 300w, https:\/\/janssenzurich.ch\/wp-content\/uploads\/2025\/10\/Limmatklinik--150x150.jpg 150w\" sizes=\"(max-width: 550px) 100vw, 550px\"><h3 class=\"bde-heading-47-253 bde-heading\">\nBellevue Medical Center Zurich\n<\/h3><div class=\"bde-div-47-225 bde-div\">\n  \n  \n\t\n\n\n\n<div class=\"bde-div-47-226 bde-div\">\n  \n  \n\t\n\n\n\n<div class=\"bde-button-47-227 bde-button\">\n        \n    \n    \n    \n    \n            \n                    \n            \n            \n\n    \n    \n    \n    \n    \n    <a class=\"breakdance-link button-atom button-atom--text bde-button__button\" href=\"https:\/\/www.bellevue-medicalcenter.com\/\" target=\"_self\" data-type=\"url\" rel=\"nofollow noopener\">\n\n    \n        <span class=\"button-atom__text\">Find Us<\/span>\n\n        \n        \n                <\/a>\n\n    \n\n\n<\/div>\n<\/div>\n<\/div><div class=\"bde-fancy-divider-47-228 bde-fancy-divider\">\n\n\n<div class=\"bde-fancy-divider__wrapper\">\n  <div class=\"bde-fancy-divider__separator\">\n  \t  <\/div>\n<\/div>\n\n<\/div>\n<\/div><div class=\"bde-column-47-229 bde-column\">\n  \n  \n\t\n\n\n\n<img decoding=\"async\" class=\"bde-image2-47-230 bde-image2\" src=\"https:\/\/janssenzurich.ch\/wp-content\/uploads\/2025\/10\/Swiss-Central-Clinic.jpg\" loading=\"lazy\" srcset=\"https:\/\/janssenzurich.ch\/wp-content\/uploads\/2025\/10\/Swiss-Central-Clinic.jpg 550w, https:\/\/janssenzurich.ch\/wp-content\/uploads\/2025\/10\/Swiss-Central-Clinic-300x300.jpg 300w, https:\/\/janssenzurich.ch\/wp-content\/uploads\/2025\/10\/Swiss-Central-Clinic-150x150.jpg 150w\" sizes=\"(max-width: 550px) 100vw, 550px\"><h3 class=\"bde-heading-47-231 bde-heading\">\nSwiss Central Clinic\n<\/h3><div class=\"bde-div-47-232 bde-div\">\n  \n  \n\t\n\n\n\n<div class=\"bde-button-47-233 bde-button\">\n        \n    \n    \n    \n    \n            \n                    \n            \n            \n\n    \n    \n    \n    \n    \n    <a class=\"breakdance-link button-atom button-atom--text bde-button__button\" href=\"https:\/\/swisscentralclinic.ch\" target=\"_self\" data-type=\"url\" rel=\"nofollow noopener\">\n\n    \n        <span class=\"button-atom__text\">Find Us<\/span>\n\n        \n        \n                <\/a>\n\n    \n\n\n<\/div>\n<\/div><div class=\"bde-fancy-divider-47-234 bde-fancy-divider\">\n\n\n<div class=\"bde-fancy-divider__wrapper\">\n  <div class=\"bde-fancy-divider__separator\">\n  \t  <\/div>\n<\/div>\n\n<\/div>\n<\/div><div class=\"bde-column-47-235 bde-column\">\n  \n  \n\t\n\n\n\n<img decoding=\"async\" class=\"bde-image2-47-223 bde-image2\" src=\"https:\/\/janssenzurich.ch\/wp-content\/uploads\/2025\/10\/ONO-Aesthetica-Kronenhalle.jpg\" loading=\"lazy\" srcset=\"https:\/\/janssenzurich.ch\/wp-content\/uploads\/2025\/10\/ONO-Aesthetica-Kronenhalle.jpg 550w, https:\/\/janssenzurich.ch\/wp-content\/uploads\/2025\/10\/ONO-Aesthetica-Kronenhalle-300x300.jpg 300w, https:\/\/janssenzurich.ch\/wp-content\/uploads\/2025\/10\/ONO-Aesthetica-Kronenhalle-150x150.jpg 150w\" sizes=\"(max-width: 550px) 100vw, 550px\"><h3 class=\"bde-heading-47-237 bde-heading\">\nLimmat Clinic\n<\/h3><div class=\"bde-div-47-238 bde-div\">\n  \n  \n\t\n\n\n\n<div class=\"bde-button-47-239 bde-button\">\n        \n    \n    \n    \n    \n            \n                    \n            \n            \n\n    \n    \n    \n    \n    \n    <a class=\"breakdance-link button-atom button-atom--text bde-button__button\" href=\"https:\/\/limmatklinik.ch\" target=\"_self\" data-type=\"url\" rel=\"nofollow noopener\">\n\n    \n        <span class=\"button-atom__text\">Find Us<\/span>\n\n        \n        \n                <\/a>\n\n    \n\n\n<\/div>\n<\/div><div class=\"bde-fancy-divider-47-240 bde-fancy-divider\">\n\n\n<div class=\"bde-fancy-divider__wrapper\">\n  <div class=\"bde-fancy-divider__separator\">\n  \t  <\/div>\n<\/div>\n\n<\/div>\n<\/div><\/div><\/div>\n<\/section>","protected":false},"excerpt":{"rendered":"<p>\u00dcber uns Ausschlie\u00dflich auf Facelifts spezialisiert \u2013 von London bis Z\u00fcrich Ausschlie\u00dflich auf Facelift-Operationen und Behandlungen zur Korrektur von Gesichtsalterung spezialisiert, befindet sich Janssen Zurich im Herzen von Z\u00fcrich.Wir konzentrieren uns ausschlie\u00dflich auf die Gesichtsverj\u00fcngung und bieten fortschrittliche Facelift-Techniken an, die auf nat\u00fcrliche und nachhaltige Ergebnisse ausgerichtet sind. Unser Gr\u00fcndungschirurg, Dr. Tim J. Janssen, ist [&hellip;]<\/p>\n","protected":false},"author":1,"featured_media":0,"parent":0,"menu_order":0,"comment_status":"closed","ping_status":"closed","template":"","meta":{"_acf_changed":false,"_monsterinsights_skip_tracking":false,"_monsterinsights_sitenote_active":false,"_monsterinsights_sitenote_note":"","_monsterinsights_sitenote_category":0,"_breakdance_hide_in_design_set":false,"_breakdance_tags":"","footnotes":""},"class_list":["post-47","page","type-page","status-publish","hentry"],"acf":[],"_links":{"self":[{"href":"https:\/\/janssenzurich.ch\/en\/wp-json\/wp\/v2\/pages\/47","targetHints":{"allow":["GET"]}}],"collection":[{"href":"https:\/\/janssenzurich.ch\/en\/wp-json\/wp\/v2\/pages"}],"about":[{"href":"https:\/\/janssenzurich.ch\/en\/wp-json\/wp\/v2\/types\/page"}],"author":[{"embeddable":true,"href":"https:\/\/janssenzurich.ch\/en\/wp-json\/wp\/v2\/users\/1"}],"replies":[{"embeddable":true,"href":"https:\/\/janssenzurich.ch\/en\/wp-json\/wp\/v2\/comments?post=47"}],"version-history":[{"count":92,"href":"https:\/\/janssenzurich.ch\/en\/wp-json\/wp\/v2\/pages\/47\/revisions"}],"predecessor-version":[{"id":2468,"href":"https:\/\/janssenzurich.ch\/en\/wp-json\/wp\/v2\/pages\/47\/revisions\/2468"}],"wp:attachment":[{"href":"https:\/\/janssenzurich.ch\/en\/wp-json\/wp\/v2\/media?parent=47"}],"curies":[{"name":"wp","href":"https:\/\/api.w.org\/{rel}","templated":true}]}}

<section class="bde-section-47-104 bde-section">
  
  
	



<div class="section-container"><div class="bde-columns-47-105 bde-columns"><div class="bde-column-47-107 bde-column">
  
  
	



<div class="bde-div-47-255 bde-div">
  
  
	



<div class="bde-text-47-163 bde-text">
About Us
</div><h1 class="bde-heading-47-162 bde-heading">
Exclusively Dedicated to Facelifts, from London to Zürich
</h1>
</div><div class="bde-text-47-248 bde-text translation-block">Exclusively dedicated to facelift surgeries and treatments addressing facial aging, Janssen Zurich is located in the heart of Zurich.<br><br>
We focus exclusively on facial rejuvenation and offer advanced facelift techniques aimed at achieving natural and long-lasting results. Our founding surgeon, Dr. Tim J. Janssen, is recognized for his expertise in endoscopic facelifting and has extensive experience in deep-plane and revision facelift surgery. With a primary location in Zurich and an additional practice in London, we provide discreet, high-level care for both local and international patients.<br><br>
Our work is supported by an experienced team committed to patient care. Clinic Manager Romany Carlsen and Personal Assistant Annette Hauck ensure continuity and a consistent patient journey. From the first inquiry to long-term follow-up, our practice prioritizes discretion, reliability, and surgical precision.</div>
</div><div class="bde-column-47-106 bde-column">
  
  
	




</div></div></div>
</section><section id="tim-j-janssen" class="bde-section-47-241 bde-section">
  
  
	



<div class="section-container"><div class="bde-columns-47-242 bde-columns"><div class="bde-column-47-243 bde-column">
  
  
	



<img decoding="async" class="bde-image2-47-244 bde-image2" src="https://janssenzurich.ch/wp-content/uploads/2025/11/WhatsApp-Image-2025-11-25-at-14.51.13.jpeg" loading="lazy" srcset="https://janssenzurich.ch/wp-content/uploads/2025/11/WhatsApp-Image-2025-11-25-at-14.51.13.jpeg 1366w, https://janssenzurich.ch/wp-content/uploads/2025/11/WhatsApp-Image-2025-11-25-at-14.51.13-200x300.jpeg 200w, https://janssenzurich.ch/wp-content/uploads/2025/11/WhatsApp-Image-2025-11-25-at-14.51.13-683x1024.jpeg 683w, https://janssenzurich.ch/wp-content/uploads/2025/11/WhatsApp-Image-2025-11-25-at-14.51.13-768x1151.jpeg 768w, https://janssenzurich.ch/wp-content/uploads/2025/11/WhatsApp-Image-2025-11-25-at-14.51.13-1025x1536.jpeg 1025w, https://janssenzurich.ch/wp-content/uploads/2025/11/WhatsApp-Image-2025-11-25-at-14.51.13-8x12.jpeg 8w" sizes="(max-width: 1366px) 100vw, 1366px">
</div><div class="bde-column-47-245 bde-column">
  
  
	



<h1 class="bde-heading-47-246 bde-heading">
Tim J. Janssen
</h1><div class="bde-text-47-252 bde-text translation-block">He graduated in Germany and completed a full-time research program before undertaking higher specialist training in Germany, Switzerland, and the UK.

Dr. Janssen has participated in numerous research endeavours and was selected as a reviewer by the editorial team of the American Aesthetic Surgery Journal (ASJ) on the basis of his knowledge in the field. He is included in the Specialist Register in the UK, Germany, and Switzerland and is a full member of the German Society of Plastic and Reconstructive Surgeons and the International Society of Aesthetic Plastic Surgeons.

He is one of the few surgeons worldwide who specialises in endoscopic facelift surgery, a technique that enables facial rejuvenation with no visible scarring. He has developed two proprietary procedures: the S-Ponytail Lift, a hidden-incision endoscopic facelift, and the HI S-Ponytail Lift, which combines a hidden-incision facelift and neck lift. These advanced techniques aim to achieve natural, long-lasting results while preserving facial anatomy and avoiding visible incisions.</div>
</div></div></div>
</section><section class="bde-section-47-249 bde-section">
  
  
	



<div class="section-container"><div class="bde-text-47-254 bde-text">
Dr Janssen is actively involved in academic research and peer review. He was invited to serve as a reviewer for the American Aesthetic Surgery Journal (ASJ) in recognition of his expertise. He is listed on the Specialist Register in the UK, Germany, and Switzerland.
</div></div>
</section><section class="bde-section-47-219 bde-section">
  
  
	



<div class="section-container"><h3 class="bde-heading-47-220 bde-heading">
Where to Find Us
</h3><div class="bde-columns-47-221 bde-columns"><div class="bde-column-47-222 bde-column">
  
  
	



<img decoding="async" class="bde-image2-47-236 bde-image2" src="https://janssenzurich.ch/wp-content/uploads/2025/10/Limmatklinik-.jpg" loading="lazy" srcset="https://janssenzurich.ch/wp-content/uploads/2025/10/Limmatklinik-.jpg 550w, https://janssenzurich.ch/wp-content/uploads/2025/10/Limmatklinik--300x300.jpg 300w, https://janssenzurich.ch/wp-content/uploads/2025/10/Limmatklinik--150x150.jpg 150w" sizes="(max-width: 550px) 100vw, 550px"><h3 class="bde-heading-47-253 bde-heading">
Bellevue Medical Center Zurich
</h3><div class="bde-div-47-225 bde-div">
  
  
	



<div class="bde-div-47-226 bde-div">
  
  
	



<div class="bde-button-47-227 bde-button">
        
    
    
    
    
            
                    
            
            

    
    
    
    
    
    <a class="breakdance-link button-atom button-atom--text bde-button__button" href="https://www.bellevue-medicalcenter.com/" target="_self" data-type="url" rel="nofollow noopener">

    
        <span class="button-atom__text">Find Us</span>

        
        
                </a>

    


</div>
</div>
</div><div class="bde-fancy-divider-47-228 bde-fancy-divider">


<div class="bde-fancy-divider__wrapper">
  <div class="bde-fancy-divider__separator">
  	  </div>
</div>

</div>
</div><div class="bde-column-47-229 bde-column">
  
  
	



<img decoding="async" class="bde-image2-47-230 bde-image2" src="https://janssenzurich.ch/wp-content/uploads/2025/10/Swiss-Central-Clinic.jpg" loading="lazy" srcset="https://janssenzurich.ch/wp-content/uploads/2025/10/Swiss-Central-Clinic.jpg 550w, https://janssenzurich.ch/wp-content/uploads/2025/10/Swiss-Central-Clinic-300x300.jpg 300w, https://janssenzurich.ch/wp-content/uploads/2025/10/Swiss-Central-Clinic-150x150.jpg 150w" sizes="(max-width: 550px) 100vw, 550px"><h3 class="bde-heading-47-231 bde-heading">
Swiss Central Clinic
</h3><div class="bde-div-47-232 bde-div">
  
  
	



<div class="bde-button-47-233 bde-button">
        
    
    
    
    
            
                    
            
            

    
    
    
    
    
    <a class="breakdance-link button-atom button-atom--text bde-button__button" href="https://swisscentralclinic.ch" target="_self" data-type="url" rel="nofollow noopener">

    
        <span class="button-atom__text">Find Us</span>

        
        
                </a>

    


</div>
</div><div class="bde-fancy-divider-47-234 bde-fancy-divider">


<div class="bde-fancy-divider__wrapper">
  <div class="bde-fancy-divider__separator">
  	  </div>
</div>

</div>
</div><div class="bde-column-47-235 bde-column">
  
  
	



<img decoding="async" class="bde-image2-47-223 bde-image2" src="https://janssenzurich.ch/wp-content/uploads/2025/10/ONO-Aesthetica-Kronenhalle.jpg" loading="lazy" srcset="https://janssenzurich.ch/wp-content/uploads/2025/10/ONO-Aesthetica-Kronenhalle.jpg 550w, https://janssenzurich.ch/wp-content/uploads/2025/10/ONO-Aesthetica-Kronenhalle-300x300.jpg 300w, https://janssenzurich.ch/wp-content/uploads/2025/10/ONO-Aesthetica-Kronenhalle-150x150.jpg 150w" sizes="(max-width: 550px) 100vw, 550px"><h3 class="bde-heading-47-237 bde-heading">
Limmat Clinic
</h3><div class="bde-div-47-238 bde-div">
  
  
	



<div class="bde-button-47-239 bde-button">
        
    
    
    
    
            
                    
            
            

    
    
    
    
    
    <a class="breakdance-link button-atom button-atom--text bde-button__button" href="https://limmatklinik.ch" target="_self" data-type="url" rel="nofollow noopener">

    
        <span class="button-atom__text">Find Us</span>

        
        
                </a>

    


</div>
</div><div class="bde-fancy-divider-47-240 bde-fancy-divider">


<div class="bde-fancy-divider__wrapper">
  <div class="bde-fancy-divider__separator">
  	  </div>
</div>

</div>
</div></div></div>
</section>

<p>Über uns Ausschließlich auf Facelifts spezialisiert – von London bis Zürich Ausschließlich auf Facelift-Operationen und Behandlungen zur Korrektur von Gesichtsalterung spezialisiert, befindet sich Janssen Zurich im Herzen von Zürich.Wir konzentrieren uns ausschließlich auf die Gesichtsverjüngung und bieten fortschrittliche Facelift-Techniken an, die auf natürliche und nachhaltige Ergebnisse ausgerichtet sind. Unser Gründungschirurg, Dr. Tim J. Janssen, ist [&hellip;]</p>
